{"id":963,"date":"2023-01-30T20:45:35","date_gmt":"2023-01-30T18:45:35","guid":{"rendered":"https:\/\/www.christianzeelen.de\/?page_id=963"},"modified":"2023-01-30T23:21:00","modified_gmt":"2023-01-30T21:21:00","slug":"erzeelen","status":"publish","type":"page","link":"https:\/\/www.christianzeelen.de\/?page_id=963","title":{"rendered":"erZeelen"},"content":{"rendered":"\n<h2 class=\"wp-block-heading\">Ich muss Ihnen etwas von mir erZeelen<\/h2>\n\n\n\n<figure class=\"wp-block-image size-large\"><img loading=\"lazy\" decoding=\"async\" width=\"950\" height=\"534\" data-attachment-id=\"985\" data-permalink=\"https:\/\/www.christianzeelen.de\/?attachment_id=985\" data-orig-file=\"https:\/\/www.christianzeelen.de\/administration\/wp-content\/IMG_3579-scaled.jpg\" data-orig-size=\"2560,1440\" data-comments-opened=\"0\" data-image-meta=\"{&quot;aperture&quot;:&quot;2.2&quot;,&quot;credit&quot;:&quot;&quot;,&quot;camera&quot;:&quot;iPhone 13 Pro&quot;,&quot;caption&quot;:&quot;&quot;,&quot;created_timestamp&quot;:&quot;1657043126&quot;,&quot;copyright&quot;:&quot;&quot;,&quot;focal_length&quot;:&quot;2.71&quot;,&quot;iso&quot;:&quot;32&quot;,&quot;shutter_speed&quot;:&quot;0.0013333333333333&quot;,&quot;title&quot;:&quot;&quot;,&quot;orientation&quot;:&quot;1&quot;}\" data-image-title=\"IMG_3579\" data-image-description=\"\" data-image-caption=\"\" data-large-file=\"https:\/\/www.christianzeelen.de\/administration\/wp-content\/IMG_3579-950x534.jpg\" src=\"https:\/\/www.christianzeelen.de\/administration\/wp-content\/IMG_3579-950x534.jpg\" alt=\"\" class=\"wp-image-985\" srcset=\"https:\/\/www.christianzeelen.de\/administration\/wp-content\/IMG_3579-950x534.jpg 950w, https:\/\/www.christianzeelen.de\/administration\/wp-content\/IMG_3579-300x169.jpg 300w, https:\/\/www.christianzeelen.de\/administration\/wp-content\/IMG_3579-768x432.jpg 768w, https:\/\/www.christianzeelen.de\/administration\/wp-content\/IMG_3579-1536x864.jpg 1536w, https:\/\/www.christianzeelen.de\/administration\/wp-content\/IMG_3579-2048x1152.jpg 2048w\" sizes=\"auto, (max-width: 950px) 100vw, 950px\" \/><\/figure>\n\n\n\n<p>Als waschechter D\u00fcsseldorfer kam ich liegend und kopf\u00fcber im Mai 1974 auf diesen Erdenball. Schon beim ersten Schrei wurde zum Leidwesen meiner geplagten Eltern recht schnell klar: &#8222;Der Jung quasselt zu viel! Der muss zum Radio!&#8220; Unmittelbar nach meinem Abitur im Jahre 1993 folgte ich diesem vorgezeichneten Weg und absolvierte noch w\u00e4hrend des Zivildienstes das erste Praktikum. Ich hatte Blut geleckt.<\/p>\n\n\n\n<p>Seit nunmehr 30 Jahren tummele ich mich an so ziemlich allen Mikrofonen, die mir in die Finger gedr\u00fcckt oder vor den Mund gehalten wurden. Als Heimat liebender D\u00fcsseldorfer nat\u00fcrlich vorrangig beim Radiosender der Stadt, Antenne D\u00fcsseldorf, wo ich w\u00e4hrend meines Studiums der Germanistik und Medienwissenschaften ein Volontariat absolvierte. Aber auch die Menschen im Kreis Mettmann, wo ich einige Jahre bei Radio Neandertal die Fr\u00fchsendung &#8222;Hallo Wach&#8220; moderierte, durften meine rheinische Frohnatur ebenso kennen lernen wie die H\u00f6rer der \u00fcbrigen NRW-Lokalradios (radio NRW) oder des Domradios. Zwischenzeitig gab es kurze berufliche Abstecher zum Internet-Angebot der Rheinischen Post (RP-Online) und zum Fernsehen (RTL West).<\/p>\n\n\n\n<p>Von August 2003 bis September 2006 war ich neben meinen freiberuflichen T\u00e4tigkeiten Redakteur bei Antenne D\u00fcsseldorf. Da es Mikrofone aber nicht nur in Studios, sondern auch auf B\u00fchnen gibt, moderiere ich seit vielen Jahren auch Firmenevents, gesellschaftliche Veranstaltungen oder auf Messen. Meine Referenzen: BMW und Audi (Modellpr\u00e4sentationen), Kaufhof, LTU arena (Er\u00f6ffnung, Ronaldo &amp; Friends vs. Zidane &amp; Friends, Fortuna D\u00fcsseldorf &#8211; Bayern M\u00fcnchen etc.), Wohlfahrtsverb\u00e4nde; Gerry-Weber-Open (Halle\/Westfalen), Messe D\u00fcsseldorf (boot, Caravan Salon), Weltjugendtag (Gro\u00dfb\u00fchne Burgplatz), Stadt D\u00fcsseldorf (Schadowstra\u00dfenfest, Hafenfest, DTM-Pr\u00e4sentation, ZDF &#8222;Wetten, dass..?&#8220; Stadtwette), Arcor Tischkicker-WM, DRK-Charity-Gala; Brauerei &#8222;Zum Schl\u00fcssel&#8220; (Wahl der Maik\u00f6nigin).<\/p>\n\n\n\n<p>Im September 2006 kam es dann aber zu einer entscheidenden Ver\u00e4nderung in meinem Berufsleben. Quasi \u00fcber Nacht wechselte ich das Medium und wurde Redaktionsleiter bei center.tv D\u00fcsseldorf. Mit einem jungen, motivierten Team baute ich das Metropolenfernsehen f\u00fcr meine geliebte Heimatstadt auf, das sich in den Folgejahren in der Landeshauptstadt etablieren konnte.<\/p>\n\n\n\n<p>So ganz konnte ich dann aber doch nicht von meiner &#8222;alten Liebe&#8220; Antenne D\u00fcsseldorf lassen. Und so kam es, dass ich rund acht Jahre sp\u00e4ter wieder einen Schreibtisch in der Radioredaktion habe: den des Chefredakteurs! Im multimedialen Zeitalter r\u00fccken elektronische Medien immer enger zusammen. Und so ist es auch in D\u00fcsseldorf. Daher ist die &#8222;R\u00fcckkehr&#8220; ein logischer Schritt in meinem Berufsleben.<\/p>\n\n\n\n<p>Im Jahre 2015 konnte ich mir dann einen lange gehegten Wunsch erf\u00fcllen: An der Seite von Claudia Monr\u00e9al wurde ich Prinz Karneval Christian II. in der sch\u00f6nsten Stadt am Rhein!<\/p>\n\n\n\n<p>Sie sehen schon: Auf mich k\u00f6nnen sie Zeelen!<\/p>\n","protected":false},"excerpt":{"rendered":"<p>Ich muss Ihnen etwas von mir erZeelen Als waschechter D\u00fcsseldorfer kam ich liegend und kopf\u00fcber im Mai 1974 auf diesen Erdenball. Schon beim ersten Schrei wurde zum Leidwesen meiner geplagten Eltern recht schnell klar: &#8222;Der Jung quasselt zu viel! Der muss zum Radio!&#8220; Unmittelbar nach meinem Abitur im Jahre 1993 folgte ich diesem vorgezeichneten Weg und absolvierte noch w\u00e4hrend des Zivildienstes das erste Praktikum. Ich hatte Blut geleckt. Seit nunmehr 30 Jahren tummele ich mich an so ziemlich allen Mikrofonen, die mir in die Finger gedr\u00fcckt oder vor den Mund gehalten wurden. Als Heimat liebender D\u00fcsseldorfer nat\u00fcrlich vorrangig beim Radiosender der Stadt, Antenne D\u00fcsseldorf, wo ich w\u00e4hrend meines Studiums der Germanistik und Medienwissenschaften ein Volontariat absolvierte. Aber auch die Menschen im Kreis Mettmann, wo ich einige Jahre bei Radio Neandertal die Fr\u00fchsendung &#8222;Hallo Wach&#8220; moderierte, durften meine rheinische Frohnatur ebenso kennen lernen wie die H\u00f6rer der \u00fcbrigen NRW-Lokalradios (radio NRW) oder des Domradios. Zwischenzeitig gab es kurze berufliche Abstecher zum Internet-Angebot der Rheinischen Post (RP-Online) und zum Fernsehen (RTL West). Von August 2003 bis September 2006 war ich neben meinen freiberuflichen T\u00e4tigkeiten Redakteur bei Antenne D\u00fcsseldorf. Da es Mikrofone aber nicht nur in Studios, sondern auch auf B\u00fchnen gibt, moderiere ich seit vielen Jahren auch Firmenevents, gesellschaftliche Veranstaltungen oder auf Messen. Meine Referenzen: BMW und Audi (Modellpr\u00e4sentationen), Kaufhof, LTU arena (Er\u00f6ffnung, Ronaldo &amp; Friends vs. Zidane &amp; Friends, Fortuna D\u00fcsseldorf &#8211; Bayern M\u00fcnchen etc.), Wohlfahrtsverb\u00e4nde; Gerry-Weber-Open (Halle\/Westfalen), Messe D\u00fcsseldorf (boot, Caravan Salon), Weltjugendtag (Gro\u00dfb\u00fchne Burgplatz), Stadt D\u00fcsseldorf (Schadowstra\u00dfenfest, Hafenfest, DTM-Pr\u00e4sentation, ZDF &#8222;Wetten, dass..?&#8220; Stadtwette), Arcor Tischkicker-WM, DRK-Charity-Gala; Brauerei &#8222;Zum Schl\u00fcssel&#8220; (Wahl der Maik\u00f6nigin). Im September 2006 kam es dann aber zu einer entscheidenden Ver\u00e4nderung in meinem Berufsleben. Quasi \u00fcber Nacht wechselte ich das Medium und wurde Redaktionsleiter bei center.tv D\u00fcsseldorf. Mit einem jungen, motivierten Team baute ich das Metropolenfernsehen f\u00fcr meine geliebte Heimatstadt auf, das sich in den Folgejahren in der Landeshauptstadt etablieren konnte. So ganz konnte ich dann aber doch nicht von meiner &#8222;alten Liebe&#8220; Antenne D\u00fcsseldorf lassen. Und so kam es, dass ich rund acht Jahre sp\u00e4ter wieder einen Schreibtisch in der Radioredaktion habe: den des Chefredakteurs! Im multimedialen Zeitalter r\u00fccken elektronische Medien immer enger zusammen. Und so ist es auch in D\u00fcsseldorf. Daher ist die &#8222;R\u00fcckkehr&#8220; ein logischer Schritt in meinem Berufsleben. Im Jahre 2015 konnte ich mir dann einen lange gehegten Wunsch erf\u00fcllen: An der Seite von Claudia Monr\u00e9al wurde ich Prinz Karneval Christian II. in der sch\u00f6nsten Stadt am Rhein! Sie sehen schon: Auf mich k\u00f6nnen sie Zeelen!<\/p>\n","protected":false},"author":1,"featured_media":0,"parent":0,"menu_order":0,"comment_status":"closed","ping_status":"closed","template":"","meta":{"_monsterinsights_skip_tracking":false,"_monsterinsights_sitenote_active":false,"_monsterinsights_sitenote_note":"","_monsterinsights_sitenote_category":0,"jetpack_post_was_ever_published":false,"footnotes":""},"class_list":["post-963","page","type-page","status-publish","hentry"],"aioseo_notices":[],"jetpack_shortlink":"https:\/\/wp.me\/P3G22R-fx","jetpack_sharing_enabled":true,"_links":{"self":[{"href":"https:\/\/www.christianzeelen.de\/index.php?rest_route=\/wp\/v2\/pages\/963","targetHints":{"allow":["GET"]}}],"collection":[{"href":"https:\/\/www.christianzeelen.de\/index.php?rest_route=\/wp\/v2\/pages"}],"about":[{"href":"https:\/\/www.christianzeelen.de\/index.php?rest_route=\/wp\/v2\/types\/page"}],"author":[{"embeddable":true,"href":"https:\/\/www.christianzeelen.de\/index.php?rest_route=\/wp\/v2\/users\/1"}],"replies":[{"embeddable":true,"href":"https:\/\/www.christianzeelen.de\/index.php?rest_route=%2Fwp%2Fv2%2Fcomments&post=963"}],"version-history":[{"count":6,"href":"https:\/\/www.christianzeelen.de\/index.php?rest_route=\/wp\/v2\/pages\/963\/revisions"}],"predecessor-version":[{"id":1026,"href":"https:\/\/www.christianzeelen.de\/index.php?rest_route=\/wp\/v2\/pages\/963\/revisions\/1026"}],"wp:attachment":[{"href":"https:\/\/www.christianzeelen.de\/index.php?rest_route=%2Fwp%2Fv2%2Fmedia&parent=963"}],"curies":[{"name":"wp","href":"https:\/\/api.w.org\/{rel}","templated":true}]}}

<h2 class="wp-block-heading">Ich muss Ihnen etwas von mir erZeelen</h2>



<figure class="wp-block-image size-large"><img loading="lazy" decoding="async" width="950" height="534" data-attachment-id="985" data-permalink="https://www.christianzeelen.de/?attachment_id=985" data-orig-file="https://www.christianzeelen.de/administration/wp-content/IMG_3579-scaled.jpg" data-orig-size="2560,1440" data-comments-opened="0" data-image-meta="{&quot;aperture&quot;:&quot;2.2&quot;,&quot;credit&quot;:&quot;&quot;,&quot;camera&quot;:&quot;iPhone 13 Pro&quot;,&quot;caption&quot;:&quot;&quot;,&quot;created_timestamp&quot;:&quot;1657043126&quot;,&quot;copyright&quot;:&quot;&quot;,&quot;focal_length&quot;:&quot;2.71&quot;,&quot;iso&quot;:&quot;32&quot;,&quot;shutter_speed&quot;:&quot;0.0013333333333333&quot;,&quot;title&quot;:&quot;&quot;,&quot;orientation&quot;:&quot;1&quot;}" data-image-title="IMG_3579" data-image-description="" data-image-caption="" data-large-file="https://www.christianzeelen.de/administration/wp-content/IMG_3579-950x534.jpg" src="https://www.christianzeelen.de/administration/wp-content/IMG_3579-950x534.jpg" alt="" class="wp-image-985" srcset="https://www.christianzeelen.de/administration/wp-content/IMG_3579-950x534.jpg 950w, https://www.christianzeelen.de/administration/wp-content/IMG_3579-300x169.jpg 300w, https://www.christianzeelen.de/administration/wp-content/IMG_3579-768x432.jpg 768w, https://www.christianzeelen.de/administration/wp-content/IMG_3579-1536x864.jpg 1536w, https://www.christianzeelen.de/administration/wp-content/IMG_3579-2048x1152.jpg 2048w" sizes="auto, (max-width: 950px) 100vw, 950px" /></figure>



<p>Als waschechter Düsseldorfer kam ich liegend und kopfüber im Mai 1974 auf diesen Erdenball. Schon beim ersten Schrei wurde zum Leidwesen meiner geplagten Eltern recht schnell klar: &#8222;Der Jung quasselt zu viel! Der muss zum Radio!&#8220; Unmittelbar nach meinem Abitur im Jahre 1993 folgte ich diesem vorgezeichneten Weg und absolvierte noch während des Zivildienstes das erste Praktikum. Ich hatte Blut geleckt.</p>



<p>Seit nunmehr 30 Jahren tummele ich mich an so ziemlich allen Mikrofonen, die mir in die Finger gedrückt oder vor den Mund gehalten wurden. Als Heimat liebender Düsseldorfer natürlich vorrangig beim Radiosender der Stadt, Antenne Düsseldorf, wo ich während meines Studiums der Germanistik und Medienwissenschaften ein Volontariat absolvierte. Aber auch die Menschen im Kreis Mettmann, wo ich einige Jahre bei Radio Neandertal die Frühsendung &#8222;Hallo Wach&#8220; moderierte, durften meine rheinische Frohnatur ebenso kennen lernen wie die Hörer der übrigen NRW-Lokalradios (radio NRW) oder des Domradios. Zwischenzeitig gab es kurze berufliche Abstecher zum Internet-Angebot der Rheinischen Post (RP-Online) und zum Fernsehen (RTL West).</p>



<p>Von August 2003 bis September 2006 war ich neben meinen freiberuflichen Tätigkeiten Redakteur bei Antenne Düsseldorf. Da es Mikrofone aber nicht nur in Studios, sondern auch auf Bühnen gibt, moderiere ich seit vielen Jahren auch Firmenevents, gesellschaftliche Veranstaltungen oder auf Messen. Meine Referenzen: BMW und Audi (Modellpräsentationen), Kaufhof, LTU arena (Eröffnung, Ronaldo &amp; Friends vs. Zidane &amp; Friends, Fortuna Düsseldorf &#8211; Bayern München etc.), Wohlfahrtsverbände; Gerry-Weber-Open (Halle/Westfalen), Messe Düsseldorf (boot, Caravan Salon), Weltjugendtag (Großbühne Burgplatz), Stadt Düsseldorf (Schadowstraßenfest, Hafenfest, DTM-Präsentation, ZDF &#8222;Wetten, dass..?&#8220; Stadtwette), Arcor Tischkicker-WM, DRK-Charity-Gala; Brauerei &#8222;Zum Schlüssel&#8220; (Wahl der Maikönigin).</p>



<p>Im September 2006 kam es dann aber zu einer entscheidenden Veränderung in meinem Berufsleben. Quasi über Nacht wechselte ich das Medium und wurde Redaktionsleiter bei center.tv Düsseldorf. Mit einem jungen, motivierten Team baute ich das Metropolenfernsehen für meine geliebte Heimatstadt auf, das sich in den Folgejahren in der Landeshauptstadt etablieren konnte.</p>



<p>So ganz konnte ich dann aber doch nicht von meiner &#8222;alten Liebe&#8220; Antenne Düsseldorf lassen. Und so kam es, dass ich rund acht Jahre später wieder einen Schreibtisch in der Radioredaktion habe: den des Chefredakteurs! Im multimedialen Zeitalter rücken elektronische Medien immer enger zusammen. Und so ist es auch in Düsseldorf. Daher ist die &#8222;Rückkehr&#8220; ein logischer Schritt in meinem Berufsleben.</p>



<p>Im Jahre 2015 konnte ich mir dann einen lange gehegten Wunsch erfüllen: An der Seite von Claudia Monréal wurde ich Prinz Karneval Christian II. in der schönsten Stadt am Rhein!</p>



<p>Sie sehen schon: Auf mich können sie Zeelen!</p>

<p>Ich muss Ihnen etwas von mir erZeelen Als waschechter Düsseldorfer kam ich liegend und kopfüber im Mai 1974 auf diesen Erdenball. Schon beim ersten Schrei wurde zum Leidwesen meiner geplagten Eltern recht schnell klar: &#8222;Der Jung quasselt zu viel! Der muss zum Radio!&#8220; Unmittelbar nach meinem Abitur im Jahre 1993 folgte ich diesem vorgezeichneten Weg und absolvierte noch während des Zivildienstes das erste Praktikum. Ich hatte Blut geleckt. Seit nunmehr 30 Jahren tummele ich mich an so ziemlich allen Mikrofonen, die mir in die Finger gedrückt oder vor den Mund gehalten wurden. Als Heimat liebender Düsseldorfer natürlich vorrangig beim Radiosender der Stadt, Antenne Düsseldorf, wo ich während meines Studiums der Germanistik und Medienwissenschaften ein Volontariat absolvierte. Aber auch die Menschen im Kreis Mettmann, wo ich einige Jahre bei Radio Neandertal die Frühsendung &#8222;Hallo Wach&#8220; moderierte, durften meine rheinische Frohnatur ebenso kennen lernen wie die Hörer der übrigen NRW-Lokalradios (radio NRW) oder des Domradios. Zwischenzeitig gab es kurze berufliche Abstecher zum Internet-Angebot der Rheinischen Post (RP-Online) und zum Fernsehen (RTL West). Von August 2003 bis September 2006 war ich neben meinen freiberuflichen Tätigkeiten Redakteur bei Antenne Düsseldorf. Da es Mikrofone aber nicht nur in Studios, sondern auch auf Bühnen gibt, moderiere ich seit vielen Jahren auch Firmenevents, gesellschaftliche Veranstaltungen oder auf Messen. Meine Referenzen: BMW und Audi (Modellpräsentationen), Kaufhof, LTU arena (Eröffnung, Ronaldo &amp; Friends vs. Zidane &amp; Friends, Fortuna Düsseldorf &#8211; Bayern München etc.), Wohlfahrtsverbände; Gerry-Weber-Open (Halle/Westfalen), Messe Düsseldorf (boot, Caravan Salon), Weltjugendtag (Großbühne Burgplatz), Stadt Düsseldorf (Schadowstraßenfest, Hafenfest, DTM-Präsentation, ZDF &#8222;Wetten, dass..?&#8220; Stadtwette), Arcor Tischkicker-WM, DRK-Charity-Gala; Brauerei &#8222;Zum Schlüssel&#8220; (Wahl der Maikönigin). Im September 2006 kam es dann aber zu einer entscheidenden Veränderung in meinem Berufsleben. Quasi über Nacht wechselte ich das Medium und wurde Redaktionsleiter bei center.tv Düsseldorf. Mit einem jungen, motivierten Team baute ich das Metropolenfernsehen für meine geliebte Heimatstadt auf, das sich in den Folgejahren in der Landeshauptstadt etablieren konnte. So ganz konnte ich dann aber doch nicht von meiner &#8222;alten Liebe&#8220; Antenne Düsseldorf lassen. Und so kam es, dass ich rund acht Jahre später wieder einen Schreibtisch in der Radioredaktion habe: den des Chefredakteurs! Im multimedialen Zeitalter rücken elektronische Medien immer enger zusammen. Und so ist es auch in Düsseldorf. Daher ist die &#8222;Rückkehr&#8220; ein logischer Schritt in meinem Berufsleben. Im Jahre 2015 konnte ich mir dann einen lange gehegten Wunsch erfüllen: An der Seite von Claudia Monréal wurde ich Prinz Karneval Christian II. in der schönsten Stadt am Rhein! Sie sehen schon: Auf mich können sie Zeelen!</p>
